3 + 283066. Is p a composite number?
False
Let x be (-770)/150 + 4/30. Is 9*405 + -1 + x composite?
True
Let q = 217420 - 151353. Is q composite?
False
Is ((-3037)/(-2))/(136/8432) a composite number?
True
Let i(h) = 396*h**2 + 17*h + 19. Let n be i(8). Is 2/7 - n/(-7) a prime number?
True
Suppose 5*d = -5*v + 203455, 269*d - 273*d + 162764 = 2*v. Is d a composite number?
True
Let v = -34776 - -57185. Is v composite?
False
Let h(f) = -f**3 - 65*f**2 + 229*f + 61. Is h(-84) a prime number?
True
Suppose -3*s - 1069406 = -4*u, 0 = -47*u + 42*u - 3*s + 1336771. Is u a composite number?
False
Suppose 2*m = 3*w + 1728, 3*m - 2592 = -w + 2*w. Let j = 2365 - m. Let o = -1010 + j. Is o a prime number?
True
Suppose 2*h - 283 = -i, 6*h + 561 = 2*i + 9*h. Let d = i - 44. Let s = d - 102. Is s prime?
True
Suppose 21*u = 19*u + 4. Suppose 0 = -5*a + u*x + 10021, 0*a = -4*a - 2*x + 8006. Suppose -4139 = -4*g - 2*k - 97, -2*g + 5*k = -a. Is g prime?
True
Let q be (-15)/3*31*(0 - -1). Is (q - -152) + (117 - 1 - 0) a prime number?
True
Let f = 528372 - 224225. Is f composite?
True
Is 208184 - (60/(-48) + (-68)/(-16)) a prime number?
False
Suppose 0 = k, -k = -2*p - 2*k + 4. Is ((-798590)/(-325))/(p/5) composite?
False
Let q(y) = -14*y - 8. Let u = -15 - -14. Let m be q(u). Suppose 0 = -i + m*i - 3530. Is i a prime number?
False
Suppose 3*m + 11*h + 441 = 12*h, 2*m - 3*h = -301. Let r = m - -2803. Is r a composite number?
False
Let i = 139 - 129. Suppose 5*c - i - 80 = 0. Suppose -2*h = -c*h + 17232. Is h prime?
False
Let t be (-1 + 1)/(7 - 9). Suppose t = -7*d + 5*d + 10. Suppose 3*c - 214 = 2*c - 3*w, -d*w - 1130 = -5*c. Is c a prime number?
True
Suppose -4*d + 34051 - 12227 = 0. Is d/2 - (-4 + 13 + -10) prime?
True
Suppose -2*m - 3*w - 1853 = 0, -2747 = 2*m + m - 2*w. Suppose 205*n = 194*n + 264. Let r = n - m. Is r a prime number?
False
Let h(q) = 6*q**2 - 12*q - 31. Let n be h(23). Let t = 4070 + n. Is t a prime number?
False
Suppose 0 = -3*c + i + 119574, -107*c + 106*c + 39845 = 4*i. Is c a prime number?
True
Suppose 12*t - 244 = 128. Suppose 5*w = -t + 31. Suppose 4*k + w*b + 5*b = 7619, -3*b + 9514 = 5*k. Is k composite?
False
Suppose 41*q - 1012594 = 455083. Is q composite?
False
Suppose -2*j - 4*v + 670 = -5*v, -4*v + 660 = 2*j. Let p = -279 + j. Is p composite?
True
Let c = 162816 + 140911. Is c composite?
False
Let v be 45017/28 + (-2)/(-8). Let w be 221/39 + 1/(-3)*-4. Suppose -w*y = -v - 6631. Is y prime?
False
Let i(v) = -v**3 - 8*v**2 - 8*v - 1. Let q be i(-7). Suppose q*c + 0*c = 900. Let o = -67 + c. Is o prime?
True
Let y = 29 + -27. Suppose 6*i - 3*i = y*n - 59, -49 = -2*n + 5*i. Suppose 41*m - n*m - 4108 = 0. Is m a composite number?
True
Suppose j - 224 = 124. Let z = 10 + j. Is z prime?
False
Let i(c) = -95*c**2 - 2*c - 9. Let u(h) = -10 - 16 + 44*h**2 - h - 328*h**2 - 5*h. Let y(v) = 17*i(v) - 6*u(v). Is y(-2) a prime number?
False
Let g(w) = -2011*w + 35. Suppose 20*k = -79 - 101. Is g(k) prime?
False
Let x(u) be the first derivative of 33*u**2 - 19*u + 36. Let h be x(-21). Is (-3 - h)*(-3)/(-6) a composite number?
False
Suppose -2*s + 61362 = 5*n - 3*s, 3*n - 36820 = s. Is n prime?
False
Suppose 0 = -3*o + t + 6, 2*o + 3 - 2 = -t. Is (o*2053)/(3 + -2) prime?
True
Is 15745*7 - 14*22/(-154) a prime number?
False
Suppose q = -r + 108065, -26*r - 108059 = -q - 30*r. Is q a prime number?
False
Let x = -56 - -45. Let d(w) = -w - 11. Let g be d(x). Suppose -9*p + g*p = -6705. Is p prime?
False
Let t(i) = i + 11. Let p be t(13). Let f = -23 + p. Is (f - 3949/(-5)) + (-17)/(-85) a composite number?
True
Suppose -5*f = 3*o + 2691, 6*f = 7*f - 3*o + 549. Let n = -193 - f. Is n prime?
True
Suppose 20*w + 362704 - 2412881 - 2220883 = 0. Is w composite?
False
Let t = -48479 + 81436. Is t composite?
False
Suppose -13 + 38 = 5*h. Let z(q) = -8*q**2 + 4*q - 9. Let m(i) = 17*i**2 - 8*i + 18. Let w(c) = h*z(c) + 3*m(c). Is w(10) a prime number?
True
Suppose 3*l + 262 + 1020 = u, u = -l + 1274. Let k = -5 - -10. Suppose k*f = 0, 3*a + 4*f = -a + u. Is a a composite number?
True
Let p(t) = 5*t**3 - 38*t**2 - t - 25. Let v be p(11). Let o = 11480 + v. Is o composite?
True
Suppose 662 + 178 = -2*d. Let u = d + 977. Suppose 5 = r, -5*r - u = -3*i - 0*r. Is i a composite number?
True
Let g(b) = 7*b**2 - 7*b + 109 - 97 + 0*b**2 - b**2. Let p be g(8). Let m = -89 + p. Is m composite?
False
Suppose 19 - 51 = -8*t. Is (7606/t + -5)*2 a prime number?
True
Let g = 46 + -44. Let i be 5/(g + -22)*4. Let d(w) = -165*w - 2. Is d(i) prime?
True
Suppose -1289141 - 1135450 = -26*g - 792025. Is g a prime number?
True
Suppose -7*j - 213 = -2*j - 4*b, b = 4*j + 166. Suppose -10*f - 759 = -4139. Let t = f - j. Is t prime?
True
Suppose 38 = 3*y - 4*n, -y - 5*n = -3*n - 26. Let i = y - 15. Is 114/i - 2/4*2 composite?
False
Is (30698 - 0) + -27 + 6 + 14 prime?
False
Suppose -565477 = -3*r - a, -5*a + 216251 = 4*r - 537733. Is r a prime number?
True
Suppose -298791 = -5*r - g, -2*r + 467*g - 469*g + 119510 = 0. Is r prime?
False
Let v be (-22)/(-8) - (-5)/20. Suppose -2791 - 4466 = -v*m + 3*h, m - 2407 = 4*h. Is m a prime number?
True
Let h(o) = -41*o + 90. Let k be h(31). Is 3 - (4 + (k - -3)) prime?
False
Let l(w) = -w - 5. Let b be l(0). Is (b - -3)*809/(-2) prime?
True
Let m be (5/(325/(-312)))/(2/(-265)). Suppose 0 = -3*z + 2498 + 199. Let u = z - m. Is u prime?
True
Suppose -2*t - 2*t + 68 = 0. Suppose q - 43 = v + t, 4*v + 216 = -2*q. Let f = -19 - v. Is f composite?
False
Let h = -1 - -4. Suppose 8*a - 3596 = -3*p + 13*a, h*a - 6050 = -5*p. Is p a prime number?
False
Let k be (0 + 8 + -3367)*3/(-1). Suppose 5042 = l + 10*d - 7*d, -k = -2*l + d. Is l a composite number?
False
Suppose 231*d = 219*d + 29916. Suppose -237*b = -234*b - d. Is b a prime number?
False
Suppose -42*f = -33*f + 72. Let i(v) = -4*v**3 - 9*v**2 - 25*v + 6. Is i(f) a prime number?
False
Let m(c) = 203*c - 57. Let h(w) = 101*w - 28. Let k(b) = 5*h(b) - 3*m(b). Is k(-9) a composite number?
False
Suppose 4*a = 3*q + 3017317, -a - 146*q = -150*q - 754313. Is a a composite number?
False
Suppose -2*s = 3*s, 0 = -4*f + 4*s + 40490 + 60866. Is f a composite number?
False
Let s(b) = 4*b - 9. Let q(w) = -9*w + 17. Let f(a) = -4*q(a) - 7*s(a). Let i = 100 + -97. Is f(i) a composite number?
False
Suppose -4690 - 17260 = 5*b. Let c = 13171 + b. Is c prime?
False
Suppose 0 = -4*c + 72 + 108. Let i be 20/(-45) + 58115/c. Suppose -7*b + 578 = -i. Is b a prime number?
False
Let a = -188 - -205. Let i(q) = 467*q + 54. Is i(a) composite?
False
Let p(g) = 86603*g + 2262. Is p(5) composite?
False
Suppose -10*f - 38*f - 6*f + 19249110 = 0. Is f composite?
True
Let w(j) = 3*j**3 + 5*j**2 + 21*j + 5. Suppose -3*f = -7 - 11. Is w(f) a prime number?
False
Suppose -32 = -15*t + 43. Suppose 0 = t*l - 803 - 2132. Is l a prime number?
True
Let n(m) = 2*m**3 + 2*m**2 - 2*m - 1. Let u be n(2). Let a = 16595 + -16595. Suppose 1 + u = 5*x, a = 3*b - x - 13931. Is b a composite number?
True
Suppose -2812 - 12303 = 5*o. Let d = o + 4366. Is d composite?
True
Let c(x) = -46*x - 21. Suppose 0 = 2*s - 5*j - 72, s = 6*s + 2*j - 122. Suppose 3*u + 5*k + 23 = -u, -2*k = 4*u + s. Is c(u) a composite number?
True
Let j = -37 + 39. Suppose 0 = b - j*b + 962. Suppose -5*u + 373 = -b. Is u composite?
True
Let x(k) = 18*k**2 - 6*k + 10. Let g be -6 - -14 - (6 + -2). Let i be x(g). Suppose -3*r + l = -1438, 4*l + i = 5*r - 2125. Is r prime?
True
Let i = 14662 + -6024. Let f = i + -5511. Is f a prime number?
False
Let r(g) = -g**3 + 147*g**2 + 187*g + 412. Is r(109) a prime number?
True
Let s = -147 - -217. Let b = s - 49. Is (1402/3)/(14/b) a composite number?
False
Let s(i) be the first derivative of -141*i**2 - 19*i + 40. Let b be s(-3). Let f = b + 2126. Is f composite?
False
Is (-17767322)/(-27) - 879/(-23733) a composite number?
True
Let s be (5*1/(-15))/(2/6). Let l(k) = -6 + 0*k + 2*k**2 + 5 - 3*k**2 - 372*k**3 - 3*k. Is l(s) composite?
False
Is -2 - -5922 - (50/(-10) + 4) a prime number?
False
Suppose -4*a - 75 = -8*j + 3*j, 0 = 2*j + 3*a - 30. Let u be ((-4)/(-6))/((-4)/(-18)). Is u/j + (11574/5 - -2) a composite number?
True
Let g be (-28094)/33*162/(-4). Suppose 14*c + 13*c = g. Is c prime?
True
Let b(u) = 7*u**2 + 3*u - 2633. Is b(70)